et f(o) = -3*o**3 + 79*o**2 - 606*o + 1075. What is f(13)?
-43
Let y(r) = -5*r**2 + 234*r - 2545. Calculate y(17).
-12
Let m(p) = 2142*p + 138051. Give m(-64).
963
Let t(l) = 1785386*l + 7141536. Give t(-4).
-8
Let v(h) = -h**3 + 60*h**2 - 29*h - 1673. Calculate v(59).
97
Let f(b) = 9338*b + 196085. Give f(-21).
-13
Let v(g) = -95*g**2 + 8927*g + 305. Give v(94).
23
Let z(x) = x**3 - 10*x**2 - 806*x + 4154. Give z(5).
-1
Let w(f) = f**2 - 185*f - 311201. Give w(-473).
33
Let s(y) = -1038*y + 50707. Give s(49).
-155
Let z(l) = 4*l**2 - 1291*l + 100729. Calculate z(132).
13
Let k(z) = 14*z**2 - 181*z + 1074. What is k(6)?
492
Let k(v) = 1479*v**2 - 388978*v + 264. Give k(263).
1
Let v(h) = -6*h**2 + 40*h - 128. Calculate v(12).
-512
Let b(h) = -3*h**2 - 5897*h + 47321. What is b(8)?
-47
Let y(u) = -4*u**2 - 379*u + 81518. Determine y(103).
45
Let l(z) = 10*z**2 - 134*z + 280. Give l(9).
-116
Let k(l) = -565*l**2 - 3941*l + 90. Determine k(-7).
-8
Let f(y) = 976*y + 261659. Determine f(-268).
91
Let q(g) = 70*g**3 - 6*g**2 + 64*g + 124. Give q(-2).
-588
Let y(b) = -7*b**2 - 192*b - 49. What is y(-27)?
32
Let m(j) = -178*j**2 + 51*j - 59. Give m(3).
-1508
Let d(v) = -1879*v - 24535. Give d(-13).
-108
Let y(o) = 2300*o + 2497. Determine y(-1).
197
Let w(p) = 3348*p - 26744. Give w(8).
40
Let k(s) = -263*s - 240. Give k(-2).
286
Let c(o) = 2*o**3 - 591*o**2 + 792*o + 26457. What is c(294)?
-3
Let f(o) = o**2 + 411*o + 31685. Give f(-103).
-39
Let t(u) = 968*u**3 - 16455*u**2 - 10*u - 116. Determine t(17).
3
Let s(h) = -1039*h**2 + 30088*h + 1238. Calculate s(29).
-9
Let k(a) = -327*a**2 + 220*a - 219. Calculate k(1).
-326
Let d(h) = 871*h + 9100. Calculate d(-10).
390
Let m(z) = 805*z - 7160. What is m(9)?
85
Let u(x) = -7*x**2 + 483*x + 1436. Give u(-3).
-76
Let m(c) = -1859*c - 27957. Determine m(-15).
-72
Let q(l) = -l**3 + 115*l**2 - 979*l + 2720. Give q(106).
70
Let u(g) = 23*g**3 + 1540*g**2 - 67*g + 10. Calculate u(-67).
10
Let n(t) = -4*t**3 + 303*t**2 + 390*t - 169. Determine n(77).
216
Let s(m) = 20849*m**2 - 145936*m - 68. Give s(7).
-19
Let n(p) = 245*p - 6185. Determine n(27).
430
Let p(m) = 27926*m - 279261. Give p(10).
-1
Let d(i) = 181*i + 338. Give d(-23).
-3825
Let q(x) = 51*x**2 + 1943*x + 36. Determine q(-38).
-154
Let k(x) = 2*x**3 - 147*x**2 + 2631*x - 304. Calculate k(30).
326
Let w(x) = 5*x**2 + 207*x - 2693. Determine w(-52).
63
Let y(d) = -d**3 + 28*d**2 + 225*d + 819. What is y(35)?
119
Let m(a) = 2451*a + 6763. Determine m(-3).
-590
Let v(j) = -2*j**3 - 115*j**2 - 50*j - 81. Calculate v(-57).
-480
Let k(c) = -6216*c - 24598. Calculate k(-4).
266
Let b(t) = -t**3 - 57*t**2 + 268*t + 1459. Give b(-61).
-5
Let h(t) = -t**3 - 33*t**2 - 81. Calculate h(-33).
-81
Let x(v) = 667*v**2 + 5340*v - 5969. Give x(-9).
-2
Let j(c) = -443*c - 108. Determine j(0).
-108
Let b(w) = -34253*w + 4795475. What is b(140)?
55
Let j(z) = -2*z**3 + 45*z**2 + 135*z - 284. Determine j(24).
1228
Let i(g) = 4238*g + 63588. What is i(-15)?
18
Let o(m) = -m**2 + 244926*m - 5877646. What is o(24)?
2
Let t(i) = 2*i**2 + 88*i - 12531. Determine t(-96).
-2547
Let h(k) = -k**2 + 16309*k - 520870. Calculate h(32).
-6
Let q(l) = 8*l**3 + 364*l**2 + 53*l - 5717. Calculate q(-45).
-2
Let m(v) = 3*v**2 - 390*v - 32705. Determine m(-58).
7
Let f(v) = -v**3 - 31*v**2 + 201*v + 738. Give f(-36).
-18
Let x(i) = -i**2 + 3955*i - 35515. What is x(9)?
-1
Let a(c) = -60*c**3 - 2281*c**2 - 582*c - 20679. Give a(-38).
-7
Let w(b) = -b**2 - 31*b - 673. Calculate w(-35).
-813
Let f(c) = c**3 - 69*c**2 + 253*c + 191. Calculate f(65).
-264
Let q(r) = -r**2 - 18*r + 2623. Calculate q(44).
-105
Let g(o) = -o**3 - 19*o**2 - 256*o - 1385. Give g(-6).
-317
Let b(k) = -5*k + 716. Determine b(-19).
811
Let t(z) = z**3 - 67*z**2 - 4207*z + 281864. Give t(67).
-5
Let u(n) = 219821*n + 2198236. Give u(-10).
26
Let o(f) = -f**3 - 20*f**2 + 19*f - 213. What is o(-20)?
-593
Let g(v) = -v**2 + 17*v + 1084. Give g(17).
1084
Let r(z) = z**2 + 939*z + 22095. What is r(-24)?
135
Let p(v) = 1123*v - 2621. Give p(2).
-375
Let n(b) = -b**2 - 191*b + 18908. Calculate n(75).
-1042
Let q(v) = 11*v**3 + 292*v**2 - 140*v + 22. Determine q(-27).
157
Let x(m) = 2*m**2 + 169*m - 3622. What is x(19)?
311
Let u(d) = 444*d - 301. What is u(-1)?
-745
Let q(s) = 13279*s - 2217621. Calculate q(167).
-28
Let j(s) = -4*s**3 - 90*s**2 - 807*s - 16779. Determine j(-22).
7
Let o(z) = z**3 + 10*z**2 + 191*z + 2216. Calculate o(-11).
-6
Let v(t) = 900*t**2 - 3274*t + 2955. What is v(2)?
7
Let w(l) = -5*l**2 + 581*l + 2379. Calculate w(-4).
-25
Let b(q) = 6*q**2 + 297*q - 2242. Give b(7).
131
Let m(a) = -45126*a - 812274. Determine m(-18).
-6
Let u(r) = 11*r**3 + 189*r**2 + 1438*r + 23862. What is u(-17)?
-6
Let h(f) = -16507*f - 709805. What is h(-43)?
-4
Let d(u) = -2*u**3 + 372*u**2 - 14402*u - 429. What is d(55)?
11
Let d(j) = 13090*j + 25935. Calculate d(-2).
-245
Let q(p) = 4*p**3 + 329*p**2 + 6484*p - 11675. Calculate q(-42).
1
Let w(m) = m**2 - 98*m - 41575. Give w(259).
124
Let m(y) = -50*y**2 + 25*y - 145. Calculate m(5).
-1270
Let s(z) = 48*z - 2913. Calculate s(17).
-2097
Let q(h) = 4*h**3 - 9*h**2 + 35*h - 160. What is q(6)?
590
Let l(w) = -972*w + 125402. Calculate l(129).
14
Let i(z) = 2*z**2 + 52*z - 1562. What is i(-61)?
2708
Let p(h) = -h**3 + 8*h**2 + 171803*h - 1889424. What is p(11)?
46
Let v(z) = -2729983*z - 8189932. Give v(-3).
17
Let h(i) = -327*i - 73564. Determine h(-225).
11
Let q(m) = -m**3 + 4*m**2 - 4558*m + 31971. Determine q(7).
-82
Let j(r) = 2*r**2 - 3038*r + 1193. Calculate j(0).
1193
Let z(b) = 2*b**3 + 40*b**2 + 182*b - 157. What is z(-10)?
23
Let n(z) = -17*z + 2310. Calculate n(33).
1749
Let m(a) = -a**3 + 4*a**2 + 64*a - 249. Give m(9).
-78
Let b(a) = -55*a + 6296. Give b(124).
-524
Let y(w) = -698*w + 39110. Give y(52).
2814
Let i(h) = -h**2 - 153*h + 48241. Calculate i(-309).
37
Let s(b) = 6*b**3 + 187*b**2 + 25*b - 328. Calculate s(-31).
-142
Let s(h) = -364973*h + 2919656. Determine s(8).
-128
Let m(i) = 2*i**3 - 78*i**2 + 209*i - 75. What is m(36)?
-327
Let w(i) = -15*i**2 + 742*i - 2213. Calculate w(3).
-122
Let r(x) = -525*x + 32549. Give r(62).
-1
Let p(a) = a**3 + 23*a**2 - 39*a - 334. Calculate p(-23).
563
Let y(h) = h**3 + 130*h**2 - 1095*h - 74899. Calculate y(-134).
7
Let z(x) = -388*x + 67306. What is z(173)?
182
Let y(f) = 254*f + 3421. What is y(-13)?
119
Let o(f) = -274091*f - 548202. What is o(-2)?
-20
Let b(u) = u**3 - 69*u**2 + 188*u + 476. Determine b(66).
-184
Let i(w) = -w**2 - 84*w - 2640. Determine i(-20).
-1360
Let d(w) = 150*w**2 - 43055*w + 810. Calculate d(287).
-625
Let i(c) = -2*c**2 + 1537*c + 49664. Calculate i(-31).
95
Let p(c) = 736*c - 75797. What is p(103)?
11
Let f(s) = -117784*s - 18609875. Give f(-158).
-3
Let r(u) = -31*u**2 - 1171*u + 203. Determine r(-37).
1091
Let q(j) = -30689*j + 30858. Give q(1).
169
Let j(z) = -400*z + 10517. Calculate j(25).
517
Let q(o) = 224*o - 13161. Determine q(59).
55
Let d(v) = 6*v**3 + 2329*v**2 + 379*v - 3493. Calculate d(-388).
-1
Let b(u) = -215*u**2 - 3078*u + 2197. Determine b(-15).
-8
Let j(p) = -21096*p - 443102. Determine j(-21).
-86
Let g(t) = t**3 - 138*t**2 + 2918*t - 712. Give g(112).
-40
Let a(o) = -106*o**2 - 13*o - 16. Determine a(3).
-1009
Let n(j) = -57*j**3 + 9684*j**2 - 8614*j - 849. What is n(169)?
-4
Let g(o) = -498*o**2 - 63245*o + 113. Calculate g(-127).
-14
Let z(c) = c**3 - 12*c**2 - 3601*c + 2392. What is z(66)?
-50
Let v(z) = 23*z**2 + 1740*z - 3387. Determine v(2).
185
Let y(t) = 113*t**3 + 5*t**2 + 53*t + 47. Give y(-1).
-114
Let g(r) = r**2 - 172. Determine g(0).
-172
Let w(s) = -s**3 - 13*s**2 + 155*s + 1532. Give w(-14).
-442
Let l(x) = -x**3 + 14*x**2 + 72*x - 1066. Calculate l(11).
89
Let i(g) = 2*g**3 + 10*g**2 - 29*g - 93. What is i(-2)?
-11
Let z(k) = -k**3 - 400*k**2 - 23854*k + 5594. Calculate z(-327).
35
Let m(o) = 170*o**2 - 1336*o - 218. Give m(8).
-26
Let p(l) = -183462*l + 1284282. Give p(7).
48
Let l(x) = -2843*x - 548650. What is l(-193)?
49
Let t(a) = -1290*a + 60701. Give t(47).
71
Let s(l) = l**3 - 54*l**2 - 153*l + 1166. Determine s(56).
-1130
Let k(t) = 4*t**3 - 21*t**2 + 61. Give k(5).
36
Let g(h) = -63346*h + 823488. Calculate g(13).
-10
Let u(i) = 